ose -4*b + 2*n - 26 = 0, -6 = b - 4*n + 4. What is y(b)?
7
Let h = -3 + 5. Let a(n) = 6*n**h - 6 - 4*n + 2 - 7*n**2. Calculate a(-3).
-1
Let t(q) = q**2 - 3*q + 2. Let m be (-5)/2*(-8)/(-10). Let h be -1 - -4 - (2 + m). Determine t(h).
2
Let d be -1*(0 + 3) + 23 + -22. Let s(z) = -7*z - 1. Determine s(d).
13
Let h(r) = r**3 - 7*r**2 + 3*r. Let w be h(7). Let g be (-70)/w*3/(-5). Let q(i) = i**3 - 2*i**2 + 2*i. Give q(g).
4
Let m(y) = -2*y + 2. Let s(p) = p**3 - p**2 + 19. Let w be s(0). Suppose 2*i + w = -5*k - i, -3*i - 7 = -k. What is m(k)?
6
Let w(u) = -u**3 + 7*u**2 - 4*u - 6. Let j(h) = -2*h**3 + 15*h**2 - 9*h - 13. Let v(x) = 4*j(x) - 9*w(x). What is v(3)?
2
Suppose -f = -d, -f + 5*d = -6*f + 10. Suppose -g - 3 = f. Let t(r) = -r**2 - 3*r + 3. Let b(w) = -w**2 - 4*w + 3. Let k(u) = g*t(u) + 3*b(u). Give k(-3).
6
Let g(l) = l**3 + 0*l**3 - 6*l - 7 - 2*l**2 - 4*l**2. Let w be g(7). Suppose -3*q - 3 = -w*q. Let u(t) = -t. Calculate u(q).
1
Let m(i) = i**3 - 7*i**2 + 4. Let u be m(7). Let z(h) = h + 1. Let t(b) = 8*b + 12. Suppose 6*v = 3*v - 30. Let p(l) = v*z(l) + t(l). Determine p(u).
-6
Let c = 12 - 7. Suppose r + c = 6*r. Let h(a) be the first derivative of 2*a**4 - a**3/3 + a + 8. What is h(r)?
8
Suppose -j - 2 = -6. Suppose -12 = -4*f + 4*y, -3*y = -2*f - j*y + 9. Let i(o) = -3*o + 0 - o**2 - 5 + 2*o**2. Determine i(f).
-1
Let l(n) = 12*n. Let h = -31 - -32. What is l(h)?
12
Let m(s) be the second derivative of s**3/6 + s**2/2 - 4*s. Let o(q) = -1. Let k(h) = -5*m(h) - 6*o(h). Determine k(-1).
6
Let j(w) be the second derivative of w**5/20 + w**3/6 - 7*w**2/2 - 13*w. Determine j(0).
-7
Let u(l) = -l**3 - 4*l**2 - l + 1. Suppose b = 10*b + 27. What is u(b)?
-5
Let v(a) = 2*a - 11. Suppose -4*h = j + 8, 6*h = 2*j + h - 36. Calculate v(j).
5
Let z be ((-6)/(-4))/(12/(-24)). Let y(f) = -2*f - 1. Let l be y(-3). Let q(c) = 4 + c - 2*c - l. What is q(z)?
2
Let z(j) = -j + 11. Let r = 2 + -2. Suppose t - 4*t = r. Calculate z(t).
11
Let u(z) be the third derivative of z**4/6 + 23*z**2. What is u(-1)?
-4
Let c be (6/15)/((-2)/(-10)). Suppose 4*j = c + 6. Let b(n) be the third derivative of n**4/24 - 3*n**2. What is b(j)?
2
Suppose y + 26 = -5*f, 0*y + 2*y = -2*f - 12. Let g(n) = -2*n**3 + 2*n**2 - 1. Calculate g(y).
3
Let u(k) = 2*k**2 + 4*k**2 - 5*k**2 - k**3 - 3 - 7*k**2 - 3*k. What is u(-4)?
-23
Let n(a) be the third derivative of -a**5/60 - a**4/12 + 2*a**3/3 - 35*a**2. Give n(-3).
1
Suppose 0 = 2*h + 2*h - 60. Suppose 11*t = 6*t + h. Let d(x) = x - 3. Give d(t).
0
Suppose 3*p + 12 = 2*p + 3*t, -t = -3*p + 4. Suppose -r = -3*l + 7, -2*l + r - 3*r = -18. Let s(i) = -2*i**2 + 2*i + 2*i + i**2 - l. Calculate s(p).
-1
Let i(c) = c - 2. Let y(p) = -6 + p - 6 + 8*p**2 + 2 - p**3. Let u be y(8). Calculate i(u).
-4
Let g(k) be the second derivative of -k**7/420 + k**6/90 - k**5/40 + k**3/3 - 2*k. Let a(v) be the second derivative of g(v). Give a(2).
-6
Suppose 5*w - 5 = -3*j, 9*w + 10 = 4*w. Let t(h) be the second derivative of -h**4/12 + 7*h**3/6 - 7*h**2/2 + 9*h. Give t(j).
3
Let t(j) = j**3 - 6*j**2 + 5*j - 2. Let h be t(5). Let w = h - 1. Let n(q) be the third derivative of q**4/24 + 2*q**3/3 - q**2. Determine n(w).
1
Suppose -4*d - 6 = -d. Let h(o) = -2*o - 2. Determine h(d).
2
Let a(l) be the second derivative of 2*l**3/3 + 3*l**2 - 3*l. Let r(t) = 3*t + 1. Let u be r(-2). What is a(u)?
-14
Let o(z) = z**3 - 5*z**2 - z - 4. Let q(p) = -2*p - 3. Let f be q(-4). Give o(f).
-9
Let h(r) = -5*r**2 + r. Let l(n) = -2*n**2 - 4*n - 4. Let t be l(-3). Let a be (-2)/(-7) - t/14. Determine h(a).
-4
Let z(x) be the third derivative of x**5/30 - x**4/6 - x**3/2 + 4*x**2. What is z(-2)?
13
Let s(p) = 46*p**3 + 49*p**3 + 1 - p**2 - 111*p**3 - p. Determine s(1).
-17
Let i(o) be the third derivative of o**6/240 - o**5/24 + o**4/24 - o**2. Let k(a) be the second derivative of i(a). What is k(4)?
7
Let z(u) = -4*u + 2. Let a(b) = -4*b + 2. Let j(h) = 7*a(h) - 6*z(h). Give j(2).
-6
Suppose 0 = 3*m - 1 - 5. Let p(i) = i + 2 + 2*i**2 - m. Suppose l + 4 = 3*l + 2*o, 0 = 4*l - 3*o + 13. What is p(l)?
1
Let p(w) = w**2 - 8*w + 2. Let b be 1 + (0 - -3) + -2. Suppose b*z = 5*l - 15, 7*l - 2*l = z + 15. What is p(l)?
-13
Let o(a) = 3*a**3 - 9*a**2 - 8*a + 2. Let f(u) = -26*u**2 - 3*u + 6 + 8*u**3 - 1 - 20*u. Let j(p) = 4*f(p) - 11*o(p). Determine j(-4).
-2
Let i = -3 + 2. Let k be 0/(-1) - (4 + i). Let n(l) = l**3 + 2*l**2 - l + 4. What is n(k)?
-2
Suppose 4*g - 7 = 5. Let i(t) = -32*t**2 + 92*t**2 + t**3 - 30*t**2 + 2*t - 33*t**2. Give i(g).
6
Let b(a) be the second derivative of a**3/3 + 3*a**2/2 - 2*a. Let z(r) = -r**3 - 5*r**2 + 6*r - 3. Let l be 1 - (1*-7)/(-1). Let p be z(l). Determine b(p).
-3
Let i(l) be the second derivative of 1/12*l**4 - 2*l + 3*l**2 - 1/6*l**3 + 0. Determine i(0).
6
Let i(a) = -7*a**2 - 5*a. Let m(w) = 13*w**2 + 9*w. Let j(y) = -11*i(y) - 6*m(y). What is j(3)?
-6
Let l(n) = -12*n + 27*n + 4 - 9*n + n**2 + 2. What is l(-4)?
-2
Let l(f) = f**3 + 3*f**2 + f - 1. Let v(x) = -x + 8. Let j be v(0). Suppose 0 = 4*m - j, 3*g + m + 14 = 5*m. Calculate l(g).
1
Let u(b) = 87*b**2 + 3 + b**3 - 2*b - 84*b**2 - 1 + b. Suppose 0 = -5*z - 2*d - 21, 0 = -5*z - 5*d - 0*d - 30. Determine u(z).
5
Let w(f) = -f**3 - 5*f**2 - 3*f + 5. Let m be w(-4). Let x be 1/(m*3/6). Let o(v) = 3*v - x*v - 2*v. Give o(6).
-6
Let m(x) = -x**2 - 6*x + 4. Suppose 3*b - 5 = 1. Let g be 12*(15/(-6) + b). Let l be m(g). Let f(v) = v**3 - 5*v**2 + 3*v + 4. What is f(l)?
0
Let c(s) = -s**2 - 2*s + 4. Let k be 24/(-15)*((-14)/4 - -1). Give c(k).
-20
Let b(z) be the first derivative of z - 5/6*z**3 + 5/2*z**2 - 1 + 1/12*z**4. Let v(y) be the first derivative of b(y). Give v(4).
1
Let h = 88 - 62. Let k(l) = -l**2 - 4*l + 20 - h + 0*l**2. Determine k(-5).
-11
Let s(p) = -p**3 - 5*p**2 - 6*p - 2. Let t be s(-4). Suppose 3 = 3*u - t. Let b(z) = -z**3 + z**2 + 2*z + 3. What is b(u)?
-9
Let s(k) = k**2 + 3*k + 4. Suppose -2*t + 8 = r, -2*t + 2*r - 1 = -t. Suppose -2*j = 3 + t. Give s(j).
4
Let p(f) be the second derivative of 5/6*f**3 - 1/12*f**4 + 0 + 1/2*f**2 - f. What is p(5)?
1
Let g(f) be the first derivative of -5*f**2/2 + 5. Determine g(2).
-10
Let z(h) be the first derivative of h**2 + 2 + h**3 + 1/4*h**4 + h. What is z(-2)?
1
Let p(d) = -d**2 + 10*d - 6. Let k(n) = -n**2 + 9*n - 6. Let o(q) = 3*k(q) - 2*p(q). Calculate o(5).
4
Suppose 0 = -0*t - 2*t + 2*w + 2, t + w = 3. Let p(q) = -q - 3*q**2 + 2*q**2 - 4*q**3 + 5*q**2 - 1 + 3*q**3. Calculate p(t).
5
Let k(z) = z**3 - 6*z**2 + 4*z - 3. Let q(b) = b**2 - 5*b - 31. Let s be q(9). Give k(s).
-8
Suppose 14 = -5*v - 1. Let w(u) be the first derivative of u**3/3 + u**2 + 4*u - 2. What is w(v)?
7
Let m(y) = y**3 - y**2 + 1. Let u(t) = -5*t**3 + t**2 - 3*t - 6. Let c(r) = 4*m(r) + u(r). Determine c(-3).
7
Let q(g) = g - 4. Let w be q(5). Let n(z) = 8*z - 1. What is n(w)?
7
Let d(q) be the first derivative of -q**4/4 + q**3 + 7*q**2/2 + 6*q - 4. Let l(r) = r + 1. Let y(t) = d(t) - 3*l(t). Determine y(4).
3
Let z(m) be the first derivative of m**4/4 - 2*m**3 + 3*m**2 - 2*m - 1. Let c(o) = o**3 + 5*o**2 - 8*o - 7. Let b be c(-6). Give z(b).
3
Let a(g) = -g**2 - 5*g + 7. Let h(t) = -t**3 - 5*t**2 - 4*t - 5. Suppose -12 = 5*k - 2*k. Let u be h(k). Give a(u).
7
Let g be -1*2/4*-10. Suppose g*c - 2*j - 2 = -4*j, 2*c - j = 8. Let z(s) = 7*s**c - s + s - s. Determine z(1).
6
Let u be (-2 - (-2 - -1)) + 0. Let k be (-22)/(-8) - u/4. Let b(w) be the second derivative of -w**3/6 + w. Calculate b(k).
-3
Let p(g) = -13*g - 7. Let f(j) = 14*j + 8. Let u(h) = -6*f(h) - 7*p(h). Let q(w) = -w**2 - 12*w - 9. Let a be q(-11). Give u(a).
15
Let c(a) = a**3 + 7*a - 8*a + 5*a + 4 + 6*a**2 - 8. Determine c(-5).
1
Let c(l) = -l**2 + 6*l. Let w = -4 + 9. Calculate c(w).
5
Let q = -61 + 66. Let s(f) = 4*f - 5. What is s(q)?
15
Let i(b) be the first derivative of b**2/2 - 3*b + 1. Let y(s) be the third derivative of -s**3/6 + s**2. Let p(c) = -i(c) + 5*y(c). Give p(3).
-5
Let a be (2/4)/((-1)/(-2)). Let x(f) be the second derivative of -f**4/4 - f**2/2 - 155*f. Determine x(a).
-4
Let t(m) = -3 + 2*m - 5 - 3*m + 4. What is t(-7)?
3
Let d(w) = 2*w - 9. Let i = 9 + -9. Suppose b = -4*x - i*x + 18, 0 = 3*b + 4*x - 30. Give d(b).
3
Suppose 3*f + 503 = -5*h - 73, 236